{"id":771,"date":"2025-04-09T16:27:21","date_gmt":"2025-04-09T14:27:21","guid":{"rendered":"https:\/\/stedelijkmuseumalkmaar.nl\/?post_type=exhibitions&#038;p=771"},"modified":"2026-04-24T12:02:50","modified_gmt":"2026-04-24T10:02:50","slug":"verfassung-und-der-makel","status":"publish","type":"exhibitions","link":"https:\/\/stedelijkmuseumalkmaar.nl\/de\/tentoonstelling\/gestel-en-de-smet\/","title":{"rendered":"Gestel und De Smet"},"content":{"rendered":"<h3 class=\"wp-block-heading has-text-align-center\">Farbenfrohe Freundschaft<\/h3>\n\n\n\n<h4 class=\"wp-block-heading has-text-align-center\">24. April - 13. September 2026<\/h4>\n\n\n\n<p><\/p>\n\n\n\n<div class=\"wp-block-buttons is-layout-flex wp-block-buttons-is-layout-flex\">\n<div class=\"wp-block-button\"><a class=\"wp-block-button__link wp-element-button\" href=\"https:\/\/tickets.stedelijkmuseumalkmaar.nl\/#\/tickets\/tickets\">Planen Sie Ihren Besuch<\/a><\/div>\n<\/div>\n\n\n\n<p><\/p>\n\n\n\n<p><strong>Stedelijk Museum Alkmaar zeigt die bunte Freundschaft zwischen dem Gro\u00dfmeister des fl\u00e4mischen Expressionismus&nbsp;<em>Gustave De Smet&nbsp;<\/em>und&nbsp;<em>Leo Gestel<\/em>, einer der wichtigsten Erneuerer der niederl\u00e4ndischen Kunst. Die Ausstellung zeigt, wie ihre Leben eng miteinander verflochten waren und wie sie sich gegenseitig k\u00fcnstlerisch und pers\u00f6nlich beeinflusst haben. Eine Geschichte der Freundschaft in den hellen und dunklen Zeiten des Lebens.&nbsp;<\/strong><\/p>\n\n\n\n<h4 class=\"wp-block-heading\"><strong>Ein k\u00fcnstlerischer Austausch<\/strong>&nbsp;<\/h4>\n\n\n\n<p>1914 flieht der fl\u00e4mische K\u00fcnstler&nbsp;<em>Gustave De Smet&nbsp;<\/em>(1877-1943) wegen des Ausbruchs des Ersten Weltkriegs in die Niederlande. Dort schloss er bald Freundschaft mit&nbsp;<em>Leo Gestel<\/em>&nbsp;(1881-1941), der ihn in die Amsterdamer Kunstwelt einf\u00fchrt. Dies markiert den Beginn eines intensiven k\u00fcnstlerischen Austauschs.&nbsp;<em>De Smet<\/em>&nbsp;Stil\u00e4nderungen in diesem Zeitraum, beeinflusst durch&nbsp;<em>Gestel&nbsp;<\/em>und K\u00fcnstler der Bergen School.&nbsp;<\/p>\n\n\n\n<p>Die K\u00fcnstler inspirieren sich st\u00e4ndig gegenseitig.&nbsp;<em>De Smet<\/em>&nbsp;\u00fcbernimmt innovative Elemente aus&nbsp;<em>Gestelle<\/em>&nbsp;und umgekehrt, wurde Gestel sp\u00e4ter von den Themen und stilistischen Merkmalen der&nbsp;<em>De Smet<\/em>.&nbsp;<\/p>\n\n\n\n<h4 class=\"wp-block-heading\"><strong>Grenzenlose Freundschaft<\/strong>&nbsp;<\/h4>\n\n\n\n<p>Im Jahr 1922 trennten sich die Wege der K\u00fcnstler f\u00fcr mehrere Jahre:&nbsp;<em>De Smet<\/em>&nbsp;kehrt nach Flandern zur\u00fcck und&nbsp;<em>Gestel<\/em>&nbsp;begibt sich auf eine lange Reise durch Deutschland und Italien. Im Jahr 1925 ist es&nbsp;<em>Gestel<\/em>&nbsp;Aufgrund einer Ehekrise suchte er anderswo Zuflucht. Von 1925 bis 1927 hielt er sich in Flandern im&nbsp;<em>De Smet<\/em>, wo ihr k\u00fcnstlerischer Austausch wiederbelebt wird.&nbsp;<\/p>\n\n\n\n<p>Die Briefe zwischen den K\u00fcnstlern zeugen von einer langj\u00e4hrigen und tiefen Freundschaft. Diese warme und farbenfrohe Verbindung ist in der gesamten Ausstellung zu sp\u00fcren. Bedeutende Kombinationen ihrer Werke werden durch die Korrespondenz untermauert. Die Ausstellung zeigt, wie sich die Freundschaft auf ihre Kunst auswirkt, und nimmt den Besucher mit in das turbulente Leben zweier K\u00fcnstler, die sich in den H\u00f6hen und Tiefen ihrer Existenz gegenseitig unterst\u00fctzen.&nbsp;<\/p>\n\n\n\n<h4 class=\"wp-block-heading\"><strong>\u00d6ffentliche Aktivit\u00e4ten<\/strong>&nbsp;<\/h4>\n\n\n\n<p>Neben der Ausstellung erscheint ein umfassender, reich illustrierter Katalog, der vom Gastkurator Kees van der Geer verfasst wurde. Au\u00dferdem wurde eine Audiotour von Spoken-Word-K\u00fcnstlern entwickelt.<em>\u00a0Sjaan Flikweert<\/em>\u00a0und <em>J\u00f6rgen Gario<\/em><\/p>\n\n\n\n<p>Zwischen den Werken von <em>Leo Gestel <\/em>und <em>Gustave De Smet<\/em> Finde auch einen besonderen Ort: die Haiku-Werkstatt. Ein kompakter, stiller Ort, an dem du innehalten, beobachten und auf das reagieren kannst, was du siehst. Der Inhalt deines Haikus kann sich an diesen Japonismus anlehnen, die europ\u00e4ische Faszination f\u00fcr alles Japanische, die auch in einigen Gem\u00e4lden der Ausstellung sichtbar ist. Lass dich von Formen, Farben und Atmosph\u00e4ren mitrei\u00dfen und \u00fcbersetze deine Eindr\u00fccke in ein kleines, kraftvolles Gedicht.<\/p>\n\n\n\n<h3 class=\"wp-block-heading\"><strong>Praktische Informationen<\/strong>\u202f<\/h3>\n\n\n\n<p>Die Ausstellung ist bis zum 13. September 2026 zu besuchen.<\/p>\n\n\n\n<p><em>Die Ausstellung wurde durch den Jaap-Harten-Fonds, den Kulturfonds, VVNK1900 und die Gr\u00e4fin-von-Blandt-Stiftung erm\u00f6glicht. Ein besonderer Dank geht an die Phoebus-Stiftung.<\/em>&nbsp;<\/p>\n\n\n\n<h3 class=\"wp-block-heading\">Bergen School Circle <\/h3>\n\n\n\n<p><em>M\u00f6chten Sie nicht nur zuschauen, sondern mitmachen?\u00a0<br>Wortel Teil des Kreises Bergen School und erhalte eine Einladung zur feierlichen Er\u00f6ffnung der Ausstellung.\u00a0<\/em><\/p>\n\n\n\n<p><em>Zus\u00e4tzlich\u00a0sind\u00a0Sie\u00a0herzlich\u00a0willkommen\u00a0zu\u00a0der\u00a0exklusiven\u00a0Kuratorf\u00fchrung\u00a0am\u00a0Donnerstagabend,\u00a0dem\u00a028.\u00a0Mai,\u00a0speziell\u00a0f\u00fcr\u00a0Kreismitglieder.\u00a0Lesen\u00a0Sie\u00a0mehr\u00a0Informationen\u00a0\u00fcber\u00a0den\u00a0Kreis\u00a0Bergener\u00a0Schule\u00a0\u00fcber\u00a0die\u00a0nachfolgende\u00a0Schaltfl\u00e4che.<\/em><\/p>\n\n\n\n<div class=\"wp-block-buttons is-content-justification-space-between is-layout-flex wp-container-core-buttons-is-layout-3d213aab wp-block-buttons-is-layout-flex\">\n<div class=\"wp-block-button\"><a class=\"wp-block-button__link has-text-align-left wp-element-button\" href=\"https:\/\/stedelijkmuseumalkmaar.nl\/de\/uns-unterstutzen\/kreis\/\">Mitglied des Kreises werden<\/a><\/div>\n<\/div>\n\n\n\n<p><\/p>","protected":false},"excerpt":{"rendered":"<p>Kleurrijke vriendschap 24 april &#8211; 13 september 2026 Stedelijk Museum Alkmaar toont de kleurrijke vriendschap tussen&nbsp;de&nbsp;grootmeester van het Vlaams expressionisme&nbsp;Gustave De Smet&nbsp;en&nbsp;Leo Gestel, een van de belangrijkste vernieuwers van de Nederlandse kunst. De tentoonstelling laat zien hoe hun levens innig met elkaar verweven raken en hoe zij elkaar zowel kunstzinnig als persoonlijk be\u00efnvloeden. Een verhaal<a class=\"excerpt-read-more\" href=\"https:\/\/stedelijkmuseumalkmaar.nl\/de\/tentoonstelling\/gestel-en-de-smet\/\" title=\"Mehr lesenGestel und De Smet\">... Mehr lesen \"<\/a><\/p>","protected":false},"author":2,"featured_media":2213,"menu_order":13,"template":"","class_list":["post-771","exhibitions","type-exhibitions","status-publish","has-post-thumbnail","hentry"],"acf":[],"_links":{"self":[{"href":"https:\/\/stedelijkmuseumalkmaar.nl\/de\/wp-json\/wp\/v2\/exhibitions\/771","targetHints":{"allow":["GET"]}}],"collection":[{"href":"https:\/\/stedelijkmuseumalkmaar.nl\/de\/wp-json\/wp\/v2\/exhibitions"}],"about":[{"href":"https:\/\/stedelijkmuseumalkmaar.nl\/de\/wp-json\/wp\/v2\/types\/exhibitions"}],"author":[{"embeddable":true,"href":"https:\/\/stedelijkmuseumalkmaar.nl\/de\/wp-json\/wp\/v2\/users\/2"}],"version-history":[{"count":35,"href":"https:\/\/stedelijkmuseumalkmaar.nl\/de\/wp-json\/wp\/v2\/exhibitions\/771\/revisions"}],"predecessor-version":[{"id":2753,"href":"https:\/\/stedelijkmuseumalkmaar.nl\/de\/wp-json\/wp\/v2\/exhibitions\/771\/revisions\/2753"}],"wp:featuredmedia":[{"embeddable":true,"href":"https:\/\/stedelijkmuseumalkmaar.nl\/de\/wp-json\/wp\/v2\/media\/2213"}],"wp:attachment":[{"href":"https:\/\/stedelijkmuseumalkmaar.nl\/de\/wp-json\/wp\/v2\/media?parent=771"}],"curies":[{"name":"wp","href":"https:\/\/api.w.org\/{rel}","templated":true}]}}

<h3 class="wp-block-heading has-text-align-center">Farbenfrohe Freundschaft</h3>



<h4 class="wp-block-heading has-text-align-center">24. April - 13. September 2026</h4>



<p></p>



<div class="wp-block-buttons is-layout-flex wp-block-buttons-is-layout-flex">
<div class="wp-block-button"><a class="wp-block-button__link wp-element-button" href="https://tickets.stedelijkmuseumalkmaar.nl/#/tickets/tickets">Planen Sie Ihren Besuch</a></div>
</div>



<p></p>



<p><strong>Stedelijk Museum Alkmaar zeigt die bunte Freundschaft zwischen dem Großmeister des flämischen Expressionismus&nbsp;<em>Gustave De Smet&nbsp;</em>und&nbsp;<em>Leo Gestel</em>, einer der wichtigsten Erneuerer der niederländischen Kunst. Die Ausstellung zeigt, wie ihre Leben eng miteinander verflochten waren und wie sie sich gegenseitig künstlerisch und persönlich beeinflusst haben. Eine Geschichte der Freundschaft in den hellen und dunklen Zeiten des Lebens.&nbsp;</strong></p>



<h4 class="wp-block-heading"><strong>Ein künstlerischer Austausch</strong>&nbsp;</h4>



<p>1914 flieht der flämische Künstler&nbsp;<em>Gustave De Smet&nbsp;</em>(1877-1943) wegen des Ausbruchs des Ersten Weltkriegs in die Niederlande. Dort schloss er bald Freundschaft mit&nbsp;<em>Leo Gestel</em>&nbsp;(1881-1941), der ihn in die Amsterdamer Kunstwelt einführt. Dies markiert den Beginn eines intensiven künstlerischen Austauschs.&nbsp;<em>De Smet</em>&nbsp;Stiländerungen in diesem Zeitraum, beeinflusst durch&nbsp;<em>Gestel&nbsp;</em>und Künstler der Bergen School.&nbsp;</p>



<p>Die Künstler inspirieren sich ständig gegenseitig.&nbsp;<em>De Smet</em>&nbsp;übernimmt innovative Elemente aus&nbsp;<em>Gestelle</em>&nbsp;und umgekehrt, wurde Gestel später von den Themen und stilistischen Merkmalen der&nbsp;<em>De Smet</em>.&nbsp;</p>



<h4 class="wp-block-heading"><strong>Grenzenlose Freundschaft</strong>&nbsp;</h4>



<p>Im Jahr 1922 trennten sich die Wege der Künstler für mehrere Jahre:&nbsp;<em>De Smet</em>&nbsp;kehrt nach Flandern zurück und&nbsp;<em>Gestel</em>&nbsp;begibt sich auf eine lange Reise durch Deutschland und Italien. Im Jahr 1925 ist es&nbsp;<em>Gestel</em>&nbsp;Aufgrund einer Ehekrise suchte er anderswo Zuflucht. Von 1925 bis 1927 hielt er sich in Flandern im&nbsp;<em>De Smet</em>, wo ihr künstlerischer Austausch wiederbelebt wird.&nbsp;</p>



<p>Die Briefe zwischen den Künstlern zeugen von einer langjährigen und tiefen Freundschaft. Diese warme und farbenfrohe Verbindung ist in der gesamten Ausstellung zu spüren. Bedeutende Kombinationen ihrer Werke werden durch die Korrespondenz untermauert. Die Ausstellung zeigt, wie sich die Freundschaft auf ihre Kunst auswirkt, und nimmt den Besucher mit in das turbulente Leben zweier Künstler, die sich in den Höhen und Tiefen ihrer Existenz gegenseitig unterstützen.&nbsp;</p>



<h4 class="wp-block-heading"><strong>Öffentliche Aktivitäten</strong>&nbsp;</h4>



<p>Neben der Ausstellung erscheint ein umfassender, reich illustrierter Katalog, der vom Gastkurator Kees van der Geer verfasst wurde. Außerdem wurde eine Audiotour von Spoken-Word-Künstlern entwickelt.<em> Sjaan Flikweert</em> und <em>Jörgen Gario</em></p>



<p>Zwischen den Werken von <em>Leo Gestel </em>und <em>Gustave De Smet</em> Finde auch einen besonderen Ort: die Haiku-Werkstatt. Ein kompakter, stiller Ort, an dem du innehalten, beobachten und auf das reagieren kannst, was du siehst. Der Inhalt deines Haikus kann sich an diesen Japonismus anlehnen, die europäische Faszination für alles Japanische, die auch in einigen Gemälden der Ausstellung sichtbar ist. Lass dich von Formen, Farben und Atmosphären mitreißen und übersetze deine Eindrücke in ein kleines, kraftvolles Gedicht.</p>



<h3 class="wp-block-heading"><strong>Praktische Informationen</strong> </h3>



<p>Die Ausstellung ist bis zum 13. September 2026 zu besuchen.</p>



<p><em>Die Ausstellung wurde durch den Jaap-Harten-Fonds, den Kulturfonds, VVNK1900 und die Gräfin-von-Blandt-Stiftung ermöglicht. Ein besonderer Dank geht an die Phoebus-Stiftung.</em>&nbsp;</p>



<h3 class="wp-block-heading">Bergen School Circle </h3>



<p><em>Möchten Sie nicht nur zuschauen, sondern mitmachen? <br>Wortel Teil des Kreises Bergen School und erhalte eine Einladung zur feierlichen Eröffnung der Ausstellung. </em></p>



<p><em>Zusätzlich sind Sie herzlich willkommen zu der exklusiven Kuratorführung am Donnerstagabend, dem 28. Mai, speziell für Kreismitglieder. Lesen Sie mehr Informationen über den Kreis Bergener Schule über die nachfolgende Schaltfläche.</em></p>



<div class="wp-block-buttons is-content-justification-space-between is-layout-flex wp-container-core-buttons-is-layout-3d213aab wp-block-buttons-is-layout-flex">
<div class="wp-block-button"><a class="wp-block-button__link has-text-align-left wp-element-button" href="https://stedelijkmuseumalkmaar.nl/de/uns-unterstutzen/kreis/">Mitglied des Kreises werden</a></div>
</div>



<p></p>

<p>Kleurrijke vriendschap 24 april &#8211; 13 september 2026 Stedelijk Museum Alkmaar toont de kleurrijke vriendschap tussen&nbsp;de&nbsp;grootmeester van het Vlaams expressionisme&nbsp;Gustave De Smet&nbsp;en&nbsp;Leo Gestel, een van de belangrijkste vernieuwers van de Nederlandse kunst. De tentoonstelling laat zien hoe hun levens innig met elkaar verweven raken en hoe zij elkaar zowel kunstzinnig als persoonlijk beïnvloeden. Een verhaal<a class="excerpt-read-more" href="https://stedelijkmuseumalkmaar.nl/de/tentoonstelling/gestel-en-de-smet/" title="Mehr lesenGestel und De Smet">... Mehr lesen "</a></p>
