{"id":608,"date":"2025-04-15T15:54:07","date_gmt":"2025-04-15T13:54:07","guid":{"rendered":"https:\/\/stedelijkmuseumalkmaar.nl\/?post_type=exhibitions&#038;p=608"},"modified":"2025-04-15T15:54:07","modified_gmt":"2025-04-15T13:54:07","slug":"ich-habe-alle-spiegel-gesehen","status":"publish","type":"exhibitions","link":"https:\/\/stedelijkmuseumalkmaar.nl\/de\/tentoonstelling\/i-saw-all-the-mirrors\/","title":{"rendered":"Ich sah alle Spiegel"},"content":{"rendered":"<h4 class=\"wp-block-heading has-text-align-center\">30. September 2023 bis 3. M\u00e4rz 2024<\/h4>\n\n\n\n<h5 class=\"wp-block-heading\">Ein Raumgedicht von Maria Barnas, das auf der Erz\u00e4hlung Das Aleph von 1945 des argentinischen Schriftstellers und Nobelpreistr\u00e4gers Jorge Luis Borges (1899-1986) basiert.<\/h5>\n\n\n\n<p>Die Geschichte&nbsp;<em>Das Aleph<\/em>des argentinischen Schriftstellers und Nobelpreistr\u00e4gers Jorge Luis Borges (1899-1986) handelt von einem Mann, der im Haus eines befreundeten Schriftstellers eine wundersame Kugel sieht: das Aleph, eine kleine, schwebende Kugel von nicht mehr als drei Zentimetern Durchmesser, in der der gesamte Kosmos verdichtet ist.<\/p>\n\n\n\n<p>Maria Barnas: \"Zu meinem Erstaunen habe ich gelesen, dass Borges, der die entlegensten Winkel des Universums zusammengesucht haben muss, um die Unersch\u00f6pflichkeit des Aleph darzustellen, auch an Alkmaar dachte:&nbsp;<em>\"Ich sah in einem Schrank in Alkmaar eine Erdkugel zwischen zwei Spiegeln, die sie unendlich vervielf\u00e4ltigten\".&nbsp;<\/em>Wenn Sie&nbsp;<em>Das Aleph&nbsp;<\/em>In der Stadt Alkmaar liest man, dass jeder in der Ecke des anderen steht\".&nbsp;<\/p>\n\n\n\n<p>Die Installation&nbsp;<em>Ich sah alle Spiegel&nbsp;<\/em>mit einem r\u00e4umlichen Eingriff die unendliche (geschlossene) Reflexion der Weltkugel zwischen zwei Spiegeln aus. Die Beobachtungen des Mannes, der im Aleph die ganze Welt sah, werden \u00fcber zwei Beamer (die Spiegel), die auf eine Spiegelkugel (die Erde) gerichtet sind, in den Kosmos geschleudert. Damit zielt der K\u00fcnstler auf eine Befreiung von der Sprache, die fragmentarisch im Raum wirbelt. Eine Befreiung von der Vorstellung, dass es w\u00fcnschenswert ist, die Welt aus einer bestimmten Perspektive zu betrachten. Eine Befreiung der Perspektive des Erz\u00e4hlers in einer Antwort von Barnas an Borges, \u00fcber Zeit und Raum hinweg.<\/p>\n\n\n\n<p>Die Arbeit&nbsp;<em>Ich sah alle Spiegel<\/em>&nbsp;wurde vom Stedelijk Museum Alkmaar nach einer Idee von Maria Barnas in Auftrag gegeben.<\/p>\n\n\n\n<section class=\"gallery wp-block alignfull\" id=\"gallery-block_288106662b2423d38e2a9d6ca80d19f6\">\n\t\t<\/section>","protected":false},"excerpt":{"rendered":"<p>30. September 2023 bis 3. M\u00e4rz 2024 Ein Raumgedicht von Maria Barnas nach der Erz\u00e4hlung The Aleph des argentinischen Schriftstellers und Nobelpreistr\u00e4gers Jorge Luis Borges (1899-1986) aus dem Jahr 1945. Die Erz\u00e4hlung Der Aleph des argentinischen Schriftstellers und Nobelpreistr\u00e4gers Jorge Luis Borges (1899-1986) handelt von einem Mann, der in das Haus eines befreundeten<a class=\"excerpt-read-more\" href=\"https:\/\/stedelijkmuseumalkmaar.nl\/de\/tentoonstelling\/i-saw-all-the-mirrors\/\" title=\"Lesen Sie mehrIch habe alle Spiegel gesehen\">... Mehr lesen \"<\/a><\/p>","protected":false},"author":2,"featured_media":640,"menu_order":23,"template":"","class_list":["post-608","exhibitions","type-exhibitions","status-publish","has-post-thumbnail","hentry"],"acf":[],"_links":{"self":[{"href":"https:\/\/stedelijkmuseumalkmaar.nl\/de\/wp-json\/wp\/v2\/exhibitions\/608","targetHints":{"allow":["GET"]}}],"collection":[{"href":"https:\/\/stedelijkmuseumalkmaar.nl\/de\/wp-json\/wp\/v2\/exhibitions"}],"about":[{"href":"https:\/\/stedelijkmuseumalkmaar.nl\/de\/wp-json\/wp\/v2\/types\/exhibitions"}],"author":[{"embeddable":true,"href":"https:\/\/stedelijkmuseumalkmaar.nl\/de\/wp-json\/wp\/v2\/users\/2"}],"version-history":[{"count":3,"href":"https:\/\/stedelijkmuseumalkmaar.nl\/de\/wp-json\/wp\/v2\/exhibitions\/608\/revisions"}],"predecessor-version":[{"id":641,"href":"https:\/\/stedelijkmuseumalkmaar.nl\/de\/wp-json\/wp\/v2\/exhibitions\/608\/revisions\/641"}],"wp:featuredmedia":[{"embeddable":true,"href":"https:\/\/stedelijkmuseumalkmaar.nl\/de\/wp-json\/wp\/v2\/media\/640"}],"wp:attachment":[{"href":"https:\/\/stedelijkmuseumalkmaar.nl\/de\/wp-json\/wp\/v2\/media?parent=608"}],"curies":[{"name":"wp","href":"https:\/\/api.w.org\/{rel}","templated":true}]}}

<h4 class="wp-block-heading has-text-align-center">30. September 2023 bis 3. März 2024</h4>



<h5 class="wp-block-heading">Ein Raumgedicht von Maria Barnas, das auf der Erzählung Das Aleph von 1945 des argentinischen Schriftstellers und Nobelpreisträgers Jorge Luis Borges (1899-1986) basiert.</h5>



<p>Die Geschichte&nbsp;<em>Das Aleph</em>des argentinischen Schriftstellers und Nobelpreisträgers Jorge Luis Borges (1899-1986) handelt von einem Mann, der im Haus eines befreundeten Schriftstellers eine wundersame Kugel sieht: das Aleph, eine kleine, schwebende Kugel von nicht mehr als drei Zentimetern Durchmesser, in der der gesamte Kosmos verdichtet ist.</p>



<p>Maria Barnas: "Zu meinem Erstaunen habe ich gelesen, dass Borges, der die entlegensten Winkel des Universums zusammengesucht haben muss, um die Unerschöpflichkeit des Aleph darzustellen, auch an Alkmaar dachte:&nbsp;<em>"Ich sah in einem Schrank in Alkmaar eine Erdkugel zwischen zwei Spiegeln, die sie unendlich vervielfältigten".&nbsp;</em>Wenn Sie&nbsp;<em>Das Aleph&nbsp;</em>In der Stadt Alkmaar liest man, dass jeder in der Ecke des anderen steht".&nbsp;</p>



<p>Die Installation&nbsp;<em>Ich sah alle Spiegel&nbsp;</em>mit einem räumlichen Eingriff die unendliche (geschlossene) Reflexion der Weltkugel zwischen zwei Spiegeln aus. Die Beobachtungen des Mannes, der im Aleph die ganze Welt sah, werden über zwei Beamer (die Spiegel), die auf eine Spiegelkugel (die Erde) gerichtet sind, in den Kosmos geschleudert. Damit zielt der Künstler auf eine Befreiung von der Sprache, die fragmentarisch im Raum wirbelt. Eine Befreiung von der Vorstellung, dass es wünschenswert ist, die Welt aus einer bestimmten Perspektive zu betrachten. Eine Befreiung der Perspektive des Erzählers in einer Antwort von Barnas an Borges, über Zeit und Raum hinweg.</p>



<p>Die Arbeit&nbsp;<em>Ich sah alle Spiegel</em>&nbsp;wurde vom Stedelijk Museum Alkmaar nach einer Idee von Maria Barnas in Auftrag gegeben.</p>



<section class="gallery wp-block alignfull" id="gallery-block_288106662b2423d38e2a9d6ca80d19f6">
		</section>

<p>30. September 2023 bis 3. März 2024 Ein Raumgedicht von Maria Barnas nach der Erzählung The Aleph des argentinischen Schriftstellers und Nobelpreisträgers Jorge Luis Borges (1899-1986) aus dem Jahr 1945. Die Erzählung Der Aleph des argentinischen Schriftstellers und Nobelpreisträgers Jorge Luis Borges (1899-1986) handelt von einem Mann, der in das Haus eines befreundeten<a class="excerpt-read-more" href="https://stedelijkmuseumalkmaar.nl/de/tentoonstelling/i-saw-all-the-mirrors/" title="Lesen Sie mehrIch habe alle Spiegel gesehen">... Mehr lesen "</a></p>
