{"id":2192,"date":"2025-12-08T16:43:50","date_gmt":"2025-12-08T15:43:50","guid":{"rendered":"https:\/\/stedelijkmuseumalkmaar.nl\/?post_type=exhibitions&#038;p=2192"},"modified":"2025-12-09T14:03:22","modified_gmt":"2025-12-09T13:03:22","slug":"die-wolke","status":"publish","type":"exhibitions","link":"https:\/\/stedelijkmuseumalkmaar.nl\/de\/tentoonstelling\/de-wolk\/","title":{"rendered":"Die Wolke"},"content":{"rendered":"<p><strong>Am 5. Oktober 2025 wird das Stedelijk Museum Alkmaar sein 150-j\u00e4hriges Bestehen feiern. Ein Fest, das wir gerne mit der Stadt und all ihren Einwohnern teilen m\u00f6chten. Anl\u00e4sslich dieses besonderen Moments pr\u00e4sentieren wir eine festliche Dekoration unserer Fassade. <strong>Die Wolke<\/strong>: ein Kunstwerk, das in Zusammenarbeit mit 150 Jugendlichen aus Alkmaar unter der Leitung verschiedener K\u00fcnstler und nach der Idee der Jugendabteilung des Stedelijk Museum Alkmaar entstanden ist.\u00a0<\/strong><\/p>\n\n\n\n<p>Jeden Abend leuchtet die Wolke auf und <em>regnet<\/em> es macht den Passanten Komplimente. Die Jugendabteilung sammelte diese Komplimente, indem sie 150 jungen Menschen aus Alkmaar die Frage stellte: \u201cWas w\u00fcrdest du gerne zu deinem eigenen Spiegelbild sagen?\u201d&nbsp;<\/p>\n\n\n\n<p>Unter Anleitung mehrerer K\u00fcnstler haben die Jugendlichen aus dieser Wolke von Komplimenten dieses interaktive Lichtkunstwerk geschaffen: <strong>Die Wolke<\/strong> erstellt.&nbsp;<\/p>\n\n\n\n<p><strong>Die Wolke<\/strong> ist vom 15. Oktober 2025 bis zum 15. Februar 2026 an der Fassade des Stedelijk Museum Alkmaar zu sehen.&nbsp;<\/p>\n\n\n\n<figure class=\"wp-block-table\"><table class=\"has-fixed-layout\"><tbody><tr><td><strong><em>Mit freundlicher Genehmigung von<\/em><\/strong>\u00a0<br><em>CuratorLab - Jugendabteilung Stedelijk Museum Alkmaar 2023-2025\u00a0<br>Morphix Productions &amp; the Creative Gentlemen - Design und Installation The Cloud\u00a0<br>Marc Ruygrok, Lowieke de Vries, Sjaan Flikweert, J\u00f6rgen Gario - Kreativit\u00e4tsf\u00f6rderer - Ko-Kreation\u00a0<br>Gemeinde Alkmaar - Subventionierung\u00a0<\/em><\/td><\/tr><\/tbody><\/table><\/figure>\n\n\n\n<p><\/p>\n\n\n\n<p><\/p>","protected":false},"excerpt":{"rendered":"<p>Am 5. Oktober 2025 wird das Stedelijk Museum Alkmaar sein 150-j\u00e4hriges Bestehen feiern. Ein Fest, das wir gerne mit der Stadt und all ihren Einwohnern teilen m\u00f6chten. Anl\u00e4sslich dieses besonderen Moments pr\u00e4sentieren wir eine festliche Dekoration unserer Fassade. Die Wolke: ein Kunstwerk, das in Zusammenarbeit mit 150 jungen Menschen aus Alkmaar unter der Leitung verschiedener K\u00fcnstler entstanden ist<a class=\"excerpt-read-more\" href=\"https:\/\/stedelijkmuseumalkmaar.nl\/de\/tentoonstelling\/de-wolk\/\" title=\"Lesen Sie mehrDie Wolke\">... Mehr lesen \"<\/a><\/p>","protected":false},"author":8,"featured_media":2188,"menu_order":2,"template":"","class_list":["post-2192","exhibitions","type-exhibitions","status-publish","has-post-thumbnail","hentry"],"acf":[],"_links":{"self":[{"href":"https:\/\/stedelijkmuseumalkmaar.nl\/de\/wp-json\/wp\/v2\/exhibitions\/2192","targetHints":{"allow":["GET"]}}],"collection":[{"href":"https:\/\/stedelijkmuseumalkmaar.nl\/de\/wp-json\/wp\/v2\/exhibitions"}],"about":[{"href":"https:\/\/stedelijkmuseumalkmaar.nl\/de\/wp-json\/wp\/v2\/types\/exhibitions"}],"author":[{"embeddable":true,"href":"https:\/\/stedelijkmuseumalkmaar.nl\/de\/wp-json\/wp\/v2\/users\/8"}],"version-history":[{"count":1,"href":"https:\/\/stedelijkmuseumalkmaar.nl\/de\/wp-json\/wp\/v2\/exhibitions\/2192\/revisions"}],"predecessor-version":[{"id":2193,"href":"https:\/\/stedelijkmuseumalkmaar.nl\/de\/wp-json\/wp\/v2\/exhibitions\/2192\/revisions\/2193"}],"wp:featuredmedia":[{"embeddable":true,"href":"https:\/\/stedelijkmuseumalkmaar.nl\/de\/wp-json\/wp\/v2\/media\/2188"}],"wp:attachment":[{"href":"https:\/\/stedelijkmuseumalkmaar.nl\/de\/wp-json\/wp\/v2\/media?parent=2192"}],"curies":[{"name":"wp","href":"https:\/\/api.w.org\/{rel}","templated":true}]}}

<p><strong>Am 5. Oktober 2025 wird das Stedelijk Museum Alkmaar sein 150-jähriges Bestehen feiern. Ein Fest, das wir gerne mit der Stadt und all ihren Einwohnern teilen möchten. Anlässlich dieses besonderen Moments präsentieren wir eine festliche Dekoration unserer Fassade. <strong>Die Wolke</strong>: ein Kunstwerk, das in Zusammenarbeit mit 150 Jugendlichen aus Alkmaar unter der Leitung verschiedener Künstler und nach der Idee der Jugendabteilung des Stedelijk Museum Alkmaar entstanden ist. </strong></p>



<p>Jeden Abend leuchtet die Wolke auf und <em>regnet</em> es macht den Passanten Komplimente. Die Jugendabteilung sammelte diese Komplimente, indem sie 150 jungen Menschen aus Alkmaar die Frage stellte: “Was würdest du gerne zu deinem eigenen Spiegelbild sagen?”&nbsp;</p>



<p>Unter Anleitung mehrerer Künstler haben die Jugendlichen aus dieser Wolke von Komplimenten dieses interaktive Lichtkunstwerk geschaffen: <strong>Die Wolke</strong> erstellt.&nbsp;</p>



<p><strong>Die Wolke</strong> ist vom 15. Oktober 2025 bis zum 15. Februar 2026 an der Fassade des Stedelijk Museum Alkmaar zu sehen.&nbsp;</p>



<figure class="wp-block-table"><table class="has-fixed-layout"><tbody><tr><td><strong><em>Mit freundlicher Genehmigung von</em></strong> <br><em>CuratorLab - Jugendabteilung Stedelijk Museum Alkmaar 2023-2025 <br>Morphix Productions &amp; the Creative Gentlemen - Design und Installation The Cloud <br>Marc Ruygrok, Lowieke de Vries, Sjaan Flikweert, Jörgen Gario - Kreativitätsförderer - Ko-Kreation <br>Gemeinde Alkmaar - Subventionierung </em></td></tr></tbody></table></figure>



<p></p>



<p></p>

<p>Am 5. Oktober 2025 wird das Stedelijk Museum Alkmaar sein 150-jähriges Bestehen feiern. Ein Fest, das wir gerne mit der Stadt und all ihren Einwohnern teilen möchten. Anlässlich dieses besonderen Moments präsentieren wir eine festliche Dekoration unserer Fassade. Die Wolke: ein Kunstwerk, das in Zusammenarbeit mit 150 jungen Menschen aus Alkmaar unter der Leitung verschiedener Künstler entstanden ist<a class="excerpt-read-more" href="https://stedelijkmuseumalkmaar.nl/de/tentoonstelling/de-wolk/" title="Lesen Sie mehrDie Wolke">... Mehr lesen "</a></p>
