{"id":2619,"date":"2026-04-07T12:01:26","date_gmt":"2026-04-07T10:01:26","guid":{"rendered":"https:\/\/stedelijkmuseumalkmaar.nl\/?post_type=events&#038;p=2619"},"modified":"2026-08-28T11:12:36","modified_gmt":"2026-08-28T09:12:36","slug":"konservatoriumsvorlesung-gestel-und-de-smet","status":"publish","type":"events","link":"https:\/\/stedelijkmuseumalkmaar.nl\/de\/activiteit\/conservatorlezing-gestel-en-de-smet\/","title":{"rendered":"Konservatorenvortrag \u2013 Gestel und De Smet"},"content":{"rendered":"<p class=\"wp-block-paragraph\"><\/p>\n\n\n\n<div class=\"wp-block-buttons is-layout-flex wp-block-buttons-is-layout-flex\"><\/div>\n\n\n\n<p class=\"wp-block-paragraph\"><\/p>\n\n\n\n<p class=\"wp-block-paragraph\">Am Donnerstagabend, dem 3. September, nimmt Sie Kurator Kees van der Geer mit einem vertiefenden Vortrag mit auf eine Reise durch besondere Leben von Freunden und K\u00fcnstlern. <em>Leo Gestel und Gustave De Smet<\/em>. Eine Geschichte \u00fcber die farbenfrohe Freundschaft zwischen dem fl\u00e4mischen Expressionismus-Gro\u00dfmeister&nbsp;<em>Gustave De Smet&nbsp;<\/em>und&nbsp;<em>Leo Gestel<\/em>, einer der wichtigsten Innovatoren der niederl\u00e4ndischen Kunst. Die Ausstellung Gestel und De Smet \u2013 farbenfrohe Freundschaft zeigt, wie eng ihre Leben miteinander verbunden sind und wie sie sich sowohl k\u00fcnstlerisch als auch pers\u00f6nlich beeinflussen. Eine Geschichte \u00fcber Kunst und Freundschaft, sowohl in hellen als auch in dunklen Lebensphasen.&nbsp;<\/p>\n\n\n\n<p class=\"wp-block-paragraph\">Nach dem Vortrag d\u00fcrfen Sie das Museum frei besuchen, und das alles nach Feierabend.<\/p>\n\n\n\n<h5 class=\"wp-block-heading\">Daten<\/h5>\n\n\n\n<ul class=\"wp-block-list\">\n<li>Donderdag 3 september, 19.00 \u2013 21.00 Uhr (Vortrag 45 Min., danach freier Besuch der Ausstellung Gestel und De Smet)<\/li>\n<\/ul>\n\n\n\n<h5 class=\"wp-block-heading\">Mitmachen?<\/h5>\n\n\n\n<p class=\"wp-block-paragraph\">Die Lesung vom 3. September ist komplett ausgebucht. Es ist nicht mehr m\u00f6glich, einen Platz zu reservieren.<\/p>","protected":false},"excerpt":{"rendered":"<p>Am Donnerstagabend, dem 3. September, nimmt Sie Kurator Kees van der Geer in einem vertiefenden Vortrag mit auf eine Reise durch die besonderen Leben der Freunde und K\u00fcnstler Leo Gestel und Gustave De Smet. Eine Geschichte \u00fcber die farbenfrohe Freundschaft zwischen dem fl\u00e4mischen Expressionismus-Gro\u00dfmeister Gustave De Smet und Leo Gestel, einem der wichtigsten Erneuerer der niederl\u00e4ndischen Kunst. Die Ausstellung Gestel und<a class=\"excerpt-read-more\" href=\"https:\/\/stedelijkmuseumalkmaar.nl\/de\/activiteit\/conservatorlezing-gestel-en-de-smet\/\" title=\"Mehr lesen \u2013 Kuratorenf\u00fchrung \u2013 Gestel und De Smet\">... Mehr lesen \"<\/a><\/p>","protected":false},"author":6,"featured_media":2558,"menu_order":4,"template":"","class_list":["post-2619","events","type-events","status-publish","has-post-thumbnail","hentry"],"acf":[],"_links":{"self":[{"href":"https:\/\/stedelijkmuseumalkmaar.nl\/de\/wp-json\/wp\/v2\/events\/2619","targetHints":{"allow":["GET"]}}],"collection":[{"href":"https:\/\/stedelijkmuseumalkmaar.nl\/de\/wp-json\/wp\/v2\/events"}],"about":[{"href":"https:\/\/stedelijkmuseumalkmaar.nl\/de\/wp-json\/wp\/v2\/types\/events"}],"author":[{"embeddable":true,"href":"https:\/\/stedelijkmuseumalkmaar.nl\/de\/wp-json\/wp\/v2\/users\/6"}],"version-history":[{"count":18,"href":"https:\/\/stedelijkmuseumalkmaar.nl\/de\/wp-json\/wp\/v2\/events\/2619\/revisions"}],"predecessor-version":[{"id":3122,"href":"https:\/\/stedelijkmuseumalkmaar.nl\/de\/wp-json\/wp\/v2\/events\/2619\/revisions\/3122"}],"wp:attachment":[{"href":"https:\/\/stedelijkmuseumalkmaar.nl\/de\/wp-json\/wp\/v2\/media?parent=2619"}],"curies":[{"name":"wp","href":"https:\/\/api.w.org\/{rel}","templated":true}]}}

<p class="wp-block-paragraph"></p>



<div class="wp-block-buttons is-layout-flex wp-block-buttons-is-layout-flex"></div>



<p class="wp-block-paragraph"></p>



<p class="wp-block-paragraph">Am Donnerstagabend, dem 3. September, nimmt Sie Kurator Kees van der Geer mit einem vertiefenden Vortrag mit auf eine Reise durch besondere Leben von Freunden und Künstlern. <em>Leo Gestel und Gustave De Smet</em>. Eine Geschichte über die farbenfrohe Freundschaft zwischen dem flämischen Expressionismus-Großmeister&nbsp;<em>Gustave De Smet&nbsp;</em>und&nbsp;<em>Leo Gestel</em>, einer der wichtigsten Innovatoren der niederländischen Kunst. Die Ausstellung Gestel und De Smet – farbenfrohe Freundschaft zeigt, wie eng ihre Leben miteinander verbunden sind und wie sie sich sowohl künstlerisch als auch persönlich beeinflussen. Eine Geschichte über Kunst und Freundschaft, sowohl in hellen als auch in dunklen Lebensphasen.&nbsp;</p>



<p class="wp-block-paragraph">Nach dem Vortrag dürfen Sie das Museum frei besuchen, und das alles nach Feierabend.</p>



<h5 class="wp-block-heading">Daten</h5>



<ul class="wp-block-list">
<li>Donderdag 3 september, 19.00 – 21.00 Uhr (Vortrag 45 Min., danach freier Besuch der Ausstellung Gestel und De Smet)</li>
</ul>



<h5 class="wp-block-heading">Mitmachen?</h5>



<p class="wp-block-paragraph">Die Lesung vom 3. September ist komplett ausgebucht. Es ist nicht mehr möglich, einen Platz zu reservieren.</p>

<p>Am Donnerstagabend, dem 3. September, nimmt Sie Kurator Kees van der Geer in einem vertiefenden Vortrag mit auf eine Reise durch die besonderen Leben der Freunde und Künstler Leo Gestel und Gustave De Smet. Eine Geschichte über die farbenfrohe Freundschaft zwischen dem flämischen Expressionismus-Großmeister Gustave De Smet und Leo Gestel, einem der wichtigsten Erneuerer der niederländischen Kunst. Die Ausstellung Gestel und<a class="excerpt-read-more" href="https://stedelijkmuseumalkmaar.nl/de/activiteit/conservatorlezing-gestel-en-de-smet/" title="Mehr lesen – Kuratorenführung – Gestel und De Smet">... Mehr lesen "</a></p>
