{"id":2607,"date":"2026-03-30T10:00:08","date_gmt":"2026-03-30T08:00:08","guid":{"rendered":"https:\/\/stedelijkmuseumalkmaar.nl\/?post_type=events&#038;p=2607"},"modified":"2026-04-09T11:15:42","modified_gmt":"2026-04-09T09:15:42","slug":"kostenlose-fuhrung-jeden-sonntag","status":"publish","type":"events","link":"https:\/\/stedelijkmuseumalkmaar.nl\/de\/activiteit\/gratis-inlooprondleiding-elke-zondag\/","title":{"rendered":"Kostenlose Inlooprondleiding: Gestel en De Smet \u2013 jeden Sonntag"},"content":{"rendered":"<h2 class=\"wp-block-heading\">14:00 Uhr &amp; 15:00 Uhr<\/h2>\n\n\n\n<p><strong>Mit Ausnahme des letzten Sonntags des Monats,<\/strong> <strong>dann organisieren wir eine <a href=\"https:\/\/stedelijkmuseumalkmaar.nl\/de\/tatigkeit\/konservatorentour-und-der-makel-2\/\">Konservatorenf\u00fchrung<\/a><\/strong><\/p>\n\n\n\n<div class=\"wp-block-buttons is-layout-flex wp-block-buttons-is-layout-flex\">\n<div class=\"wp-block-button\"><a class=\"wp-block-button__link wp-element-button\" href=\"https:\/\/stedelijkmuseumalkmaar.nl\/de\/tatigkeit\/konservatorentour-und-der-makel-2\/\">Buchen Sie eine Kuratorenf\u00fchrung<\/a><\/div>\n<\/div>\n\n\n\n<p><\/p>\n\n\n\n<h4 class=\"wp-block-heading\">3. Mai bis 13. September 2026<\/h4>\n\n\n\n<p>Nehmen Sie an der kostenlosen F\u00fchrung durch die Ausstellung von Gestel und De Smet teil. Der F\u00fchrer wird Sie herumf\u00fchren, die Objekte interpretieren und Ihre Fragen beantworten.<\/p>\n\n\n\n<p>Sehen Sie sich die Werke der<strong>&nbsp;<\/strong>Gro\u00dfmeister des fl\u00e4mischen Expressionismus&nbsp;<em>Gustave De Smet&nbsp;<\/em>und&nbsp;<em>Leo Gestel<\/em>, einer der wichtigsten Neuerer der niederl\u00e4ndischen Kunst mit eigenen Augen. Jeden Sonntag beginnt um 14:00 und 15:00 Uhr eine kostenlose F\u00fchrung im Stedelijk Museum Alkmaar.&nbsp;<\/p>\n\n\n\n<h4 class=\"wp-block-heading\"><strong>Ein k\u00fcnstlerischer Austausch<\/strong>&nbsp;<\/h4>\n\n\n\n<p>1914 flieht der fl\u00e4mische K\u00fcnstler&nbsp;<em>Gustave De Smet&nbsp;<\/em>(1877-1943) wegen des Ausbruchs des Ersten Weltkriegs in die Niederlande. Dort schloss er bald Freundschaft mit&nbsp;<em>Leo Gestel<\/em>&nbsp;(1881-1941), der ihn in die Amsterdamer Kunstwelt einf\u00fchrt. Dies markiert den Beginn eines intensiven k\u00fcnstlerischen Austauschs.&nbsp;<em>De Smet<\/em>&nbsp;Stil\u00e4nderungen in diesem Zeitraum, beeinflusst durch&nbsp;<em>Gestel&nbsp;<\/em>und K\u00fcnstler der Bergen School.&nbsp;<\/p>\n\n\n\n<p>Die K\u00fcnstler inspirieren sich st\u00e4ndig gegenseitig.&nbsp;<em>De Smet<\/em>&nbsp;\u00fcbernimmt innovative Elemente aus&nbsp;<em>Gestelle<\/em>&nbsp;und umgekehrt, wurde Gestel sp\u00e4ter von den Themen und stilistischen Merkmalen der&nbsp;<em>De Smet<\/em>.&nbsp;<\/p>\n\n\n\n<h4 class=\"wp-block-heading\"><strong>Grenzenlose Freundschaft<\/strong>&nbsp;<\/h4>\n\n\n\n<p>Im Jahr 1922 trennten sich die Wege der K\u00fcnstler f\u00fcr mehrere Jahre:&nbsp;<em>De Smet<\/em>&nbsp;kehrt nach Flandern zur\u00fcck und&nbsp;<em>Gestel<\/em>&nbsp;begibt sich auf eine lange Reise durch Deutschland und Italien. Im Jahr 1925 ist es&nbsp;<em>Gestel<\/em>&nbsp;Aufgrund einer Ehekrise suchte er anderswo Zuflucht. Von 1925 bis 1927 hielt er sich in Flandern im&nbsp;<em>De Smet<\/em>, wo ihr k\u00fcnstlerischer Austausch wiederbelebt wird.&nbsp;<\/p>\n\n\n\n<p>Die Briefe zwischen den K\u00fcnstlern zeugen von einer langj\u00e4hrigen und tiefen Freundschaft. Diese warme und farbenfrohe Verbindung ist in der gesamten Ausstellung zu sp\u00fcren. Bedeutende Kombinationen ihrer Werke werden durch die Korrespondenz untermauert. Die Ausstellung zeigt, wie sich die Freundschaft auf ihre Kunst auswirkt, und nimmt den Besucher mit in das turbulente Leben zweier K\u00fcnstler, die sich in den H\u00f6hen und Tiefen ihrer Existenz gegenseitig unterst\u00fctzen.&nbsp;<\/p>\n\n\n\n<p><strong>Praktisch<\/strong><br>Die F\u00fchrung beginnt um 14:00 und 15:00 Uhr und dauert etwa 45 Minuten. Die F\u00fchrung beginnt im Foyer 7 und wird von einem unserer Guides gehalten. Bevorzugen Sie eine F\u00fchrung durch unseren Kurator Kees van der Geer? Dann buchen Sie ein <a href=\"https:\/\/stedelijkmuseumalkmaar.nl\/de\/tatigkeit\/restauratorfuhrung-stel-und-der-fleck\/\">Konservatorenf\u00fchrung<\/a>.<\/p>\n\n\n\n<p>Reservieren ist nicht m\u00f6glich. Es gibt Platz f\u00fcr maximal 15 Personen. Die Teilnahme ist kostenlos mit einem g\u00fcltigen Eintrittsticket.<\/p>\n\n\n\n<p>Kinder und Jugendliche unter 18 Jahren haben immer freien Eintritt in das Museum.&nbsp;<\/p>","protected":false},"excerpt":{"rendered":"<p>14.00 uur &amp; 15.00 uur Met uitzondering op de laatste zondag van de maand, dan organiseren we een conservatorrondleiding 3 mei t\/m 13 september 2026 Loop mee met de gratis inlooprondleiding bij de tentoonstelling Gestel en De Smet. De rondleider neemt je mee, duidt de objecten en beantwoordt jouw vragen. Bekijk de werken van de&nbsp;grootmeester<a class=\"excerpt-read-more\" href=\"https:\/\/stedelijkmuseumalkmaar.nl\/de\/activiteit\/gratis-inlooprondleiding-elke-zondag\/\" title=\"Lees meerGratis inlooprondleiding: Gestel en De Smet &#8211; elke zondag\">... Mehr lesen \"<\/a><\/p>","protected":false},"author":6,"featured_media":2092,"menu_order":1,"template":"","class_list":["post-2607","events","type-events","status-publish","has-post-thumbnail","hentry"],"acf":[],"_links":{"self":[{"href":"https:\/\/stedelijkmuseumalkmaar.nl\/de\/wp-json\/wp\/v2\/events\/2607","targetHints":{"allow":["GET"]}}],"collection":[{"href":"https:\/\/stedelijkmuseumalkmaar.nl\/de\/wp-json\/wp\/v2\/events"}],"about":[{"href":"https:\/\/stedelijkmuseumalkmaar.nl\/de\/wp-json\/wp\/v2\/types\/events"}],"author":[{"embeddable":true,"href":"https:\/\/stedelijkmuseumalkmaar.nl\/de\/wp-json\/wp\/v2\/users\/6"}],"version-history":[{"count":9,"href":"https:\/\/stedelijkmuseumalkmaar.nl\/de\/wp-json\/wp\/v2\/events\/2607\/revisions"}],"predecessor-version":[{"id":2643,"href":"https:\/\/stedelijkmuseumalkmaar.nl\/de\/wp-json\/wp\/v2\/events\/2607\/revisions\/2643"}],"wp:featuredmedia":[{"embeddable":true,"href":"https:\/\/stedelijkmuseumalkmaar.nl\/de\/wp-json\/wp\/v2\/media\/2092"}],"wp:attachment":[{"href":"https:\/\/stedelijkmuseumalkmaar.nl\/de\/wp-json\/wp\/v2\/media?parent=2607"}],"curies":[{"name":"wp","href":"https:\/\/api.w.org\/{rel}","templated":true}]}}

<h2 class="wp-block-heading">14:00 Uhr &amp; 15:00 Uhr</h2>



<p><strong>Mit Ausnahme des letzten Sonntags des Monats,</strong> <strong>dann organisieren wir eine <a href="https://stedelijkmuseumalkmaar.nl/de/tatigkeit/konservatorentour-und-der-makel-2/">Konservatorenführung</a></strong></p>



<div class="wp-block-buttons is-layout-flex wp-block-buttons-is-layout-flex">
<div class="wp-block-button"><a class="wp-block-button__link wp-element-button" href="https://stedelijkmuseumalkmaar.nl/de/tatigkeit/konservatorentour-und-der-makel-2/">Buchen Sie eine Kuratorenführung</a></div>
</div>



<p></p>



<h4 class="wp-block-heading">3. Mai bis 13. September 2026</h4>



<p>Nehmen Sie an der kostenlosen Führung durch die Ausstellung von Gestel und De Smet teil. Der Führer wird Sie herumführen, die Objekte interpretieren und Ihre Fragen beantworten.</p>



<p>Sehen Sie sich die Werke der<strong>&nbsp;</strong>Großmeister des flämischen Expressionismus&nbsp;<em>Gustave De Smet&nbsp;</em>und&nbsp;<em>Leo Gestel</em>, einer der wichtigsten Neuerer der niederländischen Kunst mit eigenen Augen. Jeden Sonntag beginnt um 14:00 und 15:00 Uhr eine kostenlose Führung im Stedelijk Museum Alkmaar.&nbsp;</p>



<h4 class="wp-block-heading"><strong>Ein künstlerischer Austausch</strong>&nbsp;</h4>



<p>1914 flieht der flämische Künstler&nbsp;<em>Gustave De Smet&nbsp;</em>(1877-1943) wegen des Ausbruchs des Ersten Weltkriegs in die Niederlande. Dort schloss er bald Freundschaft mit&nbsp;<em>Leo Gestel</em>&nbsp;(1881-1941), der ihn in die Amsterdamer Kunstwelt einführt. Dies markiert den Beginn eines intensiven künstlerischen Austauschs.&nbsp;<em>De Smet</em>&nbsp;Stiländerungen in diesem Zeitraum, beeinflusst durch&nbsp;<em>Gestel&nbsp;</em>und Künstler der Bergen School.&nbsp;</p>



<p>Die Künstler inspirieren sich ständig gegenseitig.&nbsp;<em>De Smet</em>&nbsp;übernimmt innovative Elemente aus&nbsp;<em>Gestelle</em>&nbsp;und umgekehrt, wurde Gestel später von den Themen und stilistischen Merkmalen der&nbsp;<em>De Smet</em>.&nbsp;</p>



<h4 class="wp-block-heading"><strong>Grenzenlose Freundschaft</strong>&nbsp;</h4>



<p>Im Jahr 1922 trennten sich die Wege der Künstler für mehrere Jahre:&nbsp;<em>De Smet</em>&nbsp;kehrt nach Flandern zurück und&nbsp;<em>Gestel</em>&nbsp;begibt sich auf eine lange Reise durch Deutschland und Italien. Im Jahr 1925 ist es&nbsp;<em>Gestel</em>&nbsp;Aufgrund einer Ehekrise suchte er anderswo Zuflucht. Von 1925 bis 1927 hielt er sich in Flandern im&nbsp;<em>De Smet</em>, wo ihr künstlerischer Austausch wiederbelebt wird.&nbsp;</p>



<p>Die Briefe zwischen den Künstlern zeugen von einer langjährigen und tiefen Freundschaft. Diese warme und farbenfrohe Verbindung ist in der gesamten Ausstellung zu spüren. Bedeutende Kombinationen ihrer Werke werden durch die Korrespondenz untermauert. Die Ausstellung zeigt, wie sich die Freundschaft auf ihre Kunst auswirkt, und nimmt den Besucher mit in das turbulente Leben zweier Künstler, die sich in den Höhen und Tiefen ihrer Existenz gegenseitig unterstützen.&nbsp;</p>



<p><strong>Praktisch</strong><br>Die Führung beginnt um 14:00 und 15:00 Uhr und dauert etwa 45 Minuten. Die Führung beginnt im Foyer 7 und wird von einem unserer Guides gehalten. Bevorzugen Sie eine Führung durch unseren Kurator Kees van der Geer? Dann buchen Sie ein <a href="https://stedelijkmuseumalkmaar.nl/de/tatigkeit/restauratorfuhrung-stel-und-der-fleck/">Konservatorenführung</a>.</p>



<p>Reservieren ist nicht möglich. Es gibt Platz für maximal 15 Personen. Die Teilnahme ist kostenlos mit einem gültigen Eintrittsticket.</p>



<p>Kinder und Jugendliche unter 18 Jahren haben immer freien Eintritt in das Museum.&nbsp;</p>
